{"id":845,"date":"2025-03-12T18:30:21","date_gmt":"2025-03-12T17:30:21","guid":{"rendered":"https:\/\/www.macuv\u00e9e.fr\/?page_id=845"},"modified":"2025-03-12T18:42:27","modified_gmt":"2025-03-12T17:42:27","slug":"mentions-legales","status":"publish","type":"page","link":"https:\/\/www.macuv\u00e9e.fr\/?page_id=845","title":{"rendered":"Mentions L\u00e9gales"},"content":{"rendered":"\t\t<div data-elementor-type=\"wp-page\" data-elementor-id=\"845\" class=\"elementor elementor-845\" data-elementor-post-type=\"page\">\n\t\t\t\t<div class=\"elementor-element elementor-element-87c2a4d e-flex e-con-boxed e-con e-parent\" data-id=\"87c2a4d\" data-element_type=\"container\">\n\t\t\t\t\t<div class=\"e-con-inner\">\n\t\t\t\t<div class=\"elementor-element elementor-element-f536827 elementor-widget elementor-widget-heading\" data-id=\"f536827\" data-element_type=\"widget\" data-widget_type=\"heading.default\">\n\t\t\t\t<div class=\"elementor-widget-container\">\n\t\t\t\t\t<h2 class=\"elementor-heading-title elementor-size-default\">MENTIONS L\u00c9GALES<\/h2>\t\t\t\t<\/div>\n\t\t\t\t<\/div>\n\t\t\t\t<div class=\"elementor-element elementor-element-022c5bd elementor-widget elementor-widget-text-editor\" data-id=\"022c5bd\" data-element_type=\"widget\" data-widget_type=\"text-editor.default\">\n\t\t\t\t<div class=\"elementor-widget-container\">\n\t\t\t\t\t\t\t\t\t<p class=\"p1\"><strong><span style=\"text-decoration: underline;\">1. \u00c9diteur du site :<\/span><\/strong><\/p><p class=\"p1\">Le site <span class=\"s1\">MaCuv\u00e9e.fr<\/span> est \u00e9dit\u00e9 par : REST&rsquo;HO CONSEIL<\/p><p class=\"p3\">47 Boulevard de Strasbourg &#8211; 75010 PARIS<\/p><p class=\"p3\"><span class=\"s1\">Num\u00e9ro SIRET :<\/span> 913 368 429 00019<\/p><p class=\"p3\"><span class=\"s1\">Email de contact :<\/span> lehojc@resthoconseil.fr<\/p><p class=\"p1\"><strong><span style=\"text-decoration: underline;\">2. H\u00e9bergement<\/span><\/strong><\/p><p class=\"p3\">Le site est h\u00e9berg\u00e9 par : OVH France &#8211; 2 rue Kellermann, 59100 Roubaix, France &#8211;\u00a0www.ovh.com<\/p><p class=\"p1\"><span style=\"text-decoration: underline;\"><strong>3. Propri\u00e9t\u00e9 intellectuelle<\/strong><\/span><\/p><p class=\"p3\">L\u2019ensemble du contenu pr\u00e9sent sur ce site (textes, images, graphismes, logos) est la propri\u00e9t\u00e9 exclusive de <span class=\"s1\">Ma Cuv\u00e9e<\/span> ou de ses partenaires, sauf mention contraire. Toute reproduction ou utilisation sans autorisation \u00e9crite est interdite.<\/p><p class=\"p1\"><strong><span style=\"text-decoration: underline;\">4. Protection des donn\u00e9es personnelles (RGPD)<\/span><\/strong><\/p><p class=\"p3\">Conform\u00e9ment au <span class=\"s1\">R\u00e8glement G\u00e9n\u00e9ral sur la Protection des Donn\u00e9es (RGPD)<\/span> et \u00e0 la loi \u00ab Informatique et Libert\u00e9s \u00bb, <span class=\"s1\">Ma Cuv\u00e9e<\/span> collecte et traite des donn\u00e9es personnelles via son formulaire de contact afin de r\u00e9pondre aux demandes des utilisateurs.<\/p><p class=\"p3\">Les donn\u00e9es collect\u00e9es sont limit\u00e9es aux informations n\u00e9cessaires pour r\u00e9pondre aux demandes (nom, adresse e-mail, t\u00e9l\u00e9phone). Elles ne sont en aucun cas c\u00e9d\u00e9es ou revendues \u00e0 des tiers.<\/p><p class=\"p3\">Vous disposez d\u2019un droit d\u2019acc\u00e8s, de rectification et de suppression de vos donn\u00e9es. Pour exercer ces droits, contactez-nous \u00e0 : <span class=\"s1\">lehojc@resthoconseil.fr<\/span>.<\/p><p class=\"p1\"><span style=\"text-decoration: underline;\"><strong>5. Cookies<\/strong><\/span><\/p><p class=\"p3\">Le site <span class=\"s1\">MaCuv\u00e9e.fr<\/span> utilise des cookies \u00e0 des fins de mesure d\u2019audience et d\u2019am\u00e9lioration de l\u2019exp\u00e9rience utilisateur. Vous pouvez configurer votre navigateur pour refuser ces cookies.<\/p><p class=\"p1\"><strong><span style=\"text-decoration: underline;\">6. Responsabilit\u00e9<\/span><\/strong><\/p><p class=\"p3\">Nous nous effor\u00e7ons de fournir des informations \u00e0 jour et pr\u00e9cises, mais <span class=\"s1\">Ma Cuv\u00e9e<\/span> ne saurait \u00eatre tenue responsable d\u2019\u00e9ventuelles erreurs ou omissions sur le site.<\/p><p class=\"p1\"><span style=\"text-decoration: underline;\"><strong>7. Contact<\/strong><\/span><\/p><p class=\"p3\">Pour toute question ou demande relative aux mentions l\u00e9gales, vous pouvez nous contacter \u00e0 <span class=\"s1\">lehojc@resthoconseil.fr<\/span>.<\/p>\t\t\t\t\t\t\t\t<\/div>\n\t\t\t\t<\/div>\n\t\t\t\t\t<\/div>\n\t\t\t\t<\/div>\n\t\t<div class=\"elementor-element elementor-element-b57e7ee e-flex e-con-boxed e-con e-parent\" data-id=\"b57e7ee\" data-element_type=\"container\">\n\t\t\t\t\t<div class=\"e-con-inner\">\n\t\t\t\t<div class=\"elementor-element elementor-element-c34f23a elementor-align-center elementor-widget elementor-widget-button\" data-id=\"c34f23a\" data-element_type=\"widget\" data-widget_type=\"button.default\">\n\t\t\t\t<div class=\"elementor-widget-container\">\n\t\t\t\t\t\t\t\t\t<div class=\"elementor-button-wrapper\">\n\t\t\t\t\t<a class=\"elementor-button elementor-button-link elementor-size-sm\" href=\"https:\/\/xn--macuve-fva.fr\/\">\n\t\t\t\t\t\t<span class=\"elementor-button-content-wrapper\">\n\t\t\t\t\t\t\t\t\t<span class=\"elementor-button-text\">RETOUR AU SITE WEB<\/span>\n\t\t\t\t\t<\/span>\n\t\t\t\t\t<\/a>\n\t\t\t\t<\/div>\n\t\t\t\t\t\t\t\t<\/div>\n\t\t\t\t<\/div>\n\t\t\t\t\t<\/div>\n\t\t\t\t<\/div>\n\t\t\t\t<\/div>\n\t\t","protected":false},"excerpt":{"rendered":"<p>MENTIONS L\u00c9GALES 1. \u00c9diteur du site : Le site MaCuv\u00e9e.fr est \u00e9dit\u00e9 par : REST&rsquo;HO CONSEIL 47 Boulevard de Strasbourg &#8211; 75010 PARIS Num\u00e9ro SIRET : 913 368 429 00019 Email de contact : lehojc@resthoconseil.fr 2. H\u00e9bergement Le site est h\u00e9berg\u00e9 par : OVH France &#8211; 2 rue Kellermann, 59100 Roubaix, France &#8211;\u00a0www.ovh.com 3. Propri\u00e9t\u00e9 [&hellip;]<\/p>\n","protected":false},"author":1,"featured_media":0,"parent":0,"menu_order":0,"comment_status":"closed","ping_status":"closed","template":"","meta":{"footnotes":""},"class_list":["post-845","page","type-page","status-publish","hentry"],"_links":{"self":[{"href":"https:\/\/www.macuv\u00e9e.fr\/index.php?rest_route=\/wp\/v2\/pages\/845","targetHints":{"allow":["GET"]}}],"collection":[{"href":"https:\/\/www.macuv\u00e9e.fr\/index.php?rest_route=\/wp\/v2\/pages"}],"about":[{"href":"https:\/\/www.macuv\u00e9e.fr\/index.php?rest_route=\/wp\/v2\/types\/page"}],"author":[{"embeddable":true,"href":"https:\/\/www.macuv\u00e9e.fr\/index.php?rest_route=\/wp\/v2\/users\/1"}],"replies":[{"embeddable":true,"href":"https:\/\/www.macuv\u00e9e.fr\/index.php?rest_route=%2Fwp%2Fv2%2Fcomments&post=845"}],"version-history":[{"count":13,"href":"https:\/\/www.macuv\u00e9e.fr\/index.php?rest_route=\/wp\/v2\/pages\/845\/revisions"}],"predecessor-version":[{"id":862,"href":"https:\/\/www.macuv\u00e9e.fr\/index.php?rest_route=\/wp\/v2\/pages\/845\/revisions\/862"}],"wp:attachment":[{"href":"https:\/\/www.macuv\u00e9e.fr\/index.php?rest_route=%2Fwp%2Fv2%2Fmedia&parent=845"}],"curies":[{"name":"wp","href":"https:\/\/api.w.org\/{rel}","templated":true}]}}